be x(3). What is the greatest common factor of 36 and o?
9
Suppose 4*w = -4*k + 2*w + 656, 2*k + 2*w - 332 = 0. What is the greatest common divisor of k and 6?
6
Suppose 4*h + 23 - 71 = 0. Let r(q) = q**2 + 5*q + 4. Let c be r(-5). Suppose -2*a = -3*a + c. Calculate the greatest common factor of h and a.
4
Suppose -3*f - 27 = -3*x, 3*x - 27 = f + f. What is the highest common factor of x and 45?
9
Let p(y) = 54*y**2 + y + 1. Let f be p(-1). Calculate the highest common divisor of f and 36.
18
Suppose 3*y = -3*r + 132, y - 5*y + 4*r + 192 = 0. What is the greatest common factor of y and 69?
23
Let w(p) = -4*p**2 + 6*p - 7. Let t(v) = -3*v**2 + 5*v - 6. Let b(n) = 5*t(n) - 4*w(n). Let c be b(6). What is the greatest common factor of 8 and c?
8
Suppose 102 = -3*k + 267. What is the highest common divisor of 5 and k?
5
Suppose -4 = -2*n + 4*t, -3*t = -5*n + t + 28. Let p be (-2 - 18/(-3))/1. Calculate the greatest common divisor of n and p.
4
Let q be (-59 - 13)*4/(-6). Let t(p) = p + 12. Let a be t(-6). Calculate the greatest common factor of q and a.
6
Suppose 46*q = 45*q + 110. Calculate the highest common divisor of 22 and q.
22
Suppose -2*p = 12*p - 28. What is the highest common factor of 32 and p?
2
Let t(m) = m**3 - 5*m**2 + 4*m + 4. Let n be t(6). What is the greatest common divisor of n and 8?
8
Suppose 98 - 338 = -5*m. What is the highest common factor of m and 12?
12
Suppose 3*j + 118 = 7*j + 2*o, 0 = 3*j + 5*o - 99. Suppose -2*v - 2*v = -j. Calculate the greatest common divisor of 14 and v.
7
Let s(z) = z**3 - 6*z**2 + z - 1. Let p be s(6). Suppose -5*d - 3*y = -y - 40, p*y = 0. What is the highest common factor of d and 88?
8
Let s = -7 - -8. Let v be (3 - 4)/(s/(-3)). What is the greatest common divisor of 21 and v?
3
Let g(t) = t + 10. Let x be g(-8). Suppose -x*n + 3*n = 5. What is the highest common factor of 20 and n?
5
Let a(t) = -t**3 + 10*t**2 + t - 6. Let x be a(10). What is the highest common divisor of 1 and x?
1
Suppose -5*g = 5*d + 917 + 1133, -3*d - 4*g - 1235 = 0. Let c = -265 - d. Calculate the highest common divisor of c and 20.
20
Suppose -f + 8 = -5*f, 5*l + 2*f = 451. Suppose -5*h = 2*s, -33 = 2*s - 7*s + 4*h. Let x be 66/s - 7/35. What is the greatest common factor of l and x?
13
Let d(s) be the third derivative of -s**2 + 0 + 1/3*s**4 - 4/3*s**3 + 0*s. Let x be d(7). Calculate the greatest common factor of x and 32.
16
Let i be (-9)/3 - (-4 + (4 - 9)). What is the greatest common divisor of 12 and i?
6
Suppose 3*d - d = 38. Let i = -6 + d. Let q = -121 + 186. What is the highest common divisor of q and i?
13
Let g(n) = 7*n - 3. Suppose 2*o + 4*b - 8 = 0, 5*o - b = 3*b + 34. Let r be g(o). Let d be (r/6)/((-1)/(-10)). What is the greatest common factor of d and 13?
13
Let s = -60 + 93. Let t(p) = p - 4. Let q be t(4). Suppose -5*z + 15 = -q*z. Calculate the highest common divisor of z and s.
3
Suppose -434 = -2*m - 126. Suppose 4*i + 4*o = 5*o + 55, 0 = -2*i - 4*o + 32. Calculate the highest common factor of i and m.
14
Let v be (-693)/(-2) - 2/4. Let y = v + 140. Suppose y - 66 = 5*j. What is the highest common divisor of 12 and j?
12
Let h = 283 - 103. What is the greatest common factor of h and 20?
20
Suppose 5*n + 146 = 4*r, -5*r - 4*n = -0*n - 162. Let b(l) = -8*l + 1. Let c be b(-2). Calculate the greatest common factor of c and r.
17
Suppose -w = 2 - 19. What is the greatest common divisor of w and 17?
17
Let y = -14 - -27. Let o(v) = v**3 - 3*v**2 + 3*v - 2. Let w be o(4). Calculate the highest common divisor of y and w.
13
Suppose 2*o - v = 26, -v - v + 20 = 2*o. Let k = -2 - -5. Let m be (k - 3) + (5 - 2). Calculate the highest common divisor of o and m.
3
Let x(s) = -4*s**2 - 3*s**2 + 6*s + 7 + 2*s**2 + 6*s**2. Let m be x(-5). Calculate the highest common factor of 4 and m.
2
Let h = 30 - 17. Calculate the highest common factor of 26 and h.
13
Let d(x) = -x + 1. Let j be d(-3). Suppose j*p - 3*g = 55, -g - 3 = 2. What is the greatest common divisor of p and 20?
10
Suppose -o + 0*o + 23 = 0. Calculate the highest common divisor of 184 and o.
23
Let b(h) be the first derivative of -1/3*h**3 + 2*h + 4*h**2 - 1. Let k be b(6). What is the highest common divisor of 21 and k?
7
Suppose -y - 63 = -3*f, -72 = -5*f + 3*y + 29. Calculate the highest common factor of 55 and f.
11
Suppose 3*n - 23 = 4. Let p(b) = -2*b + 4. Let k be p(-7). What is the greatest common factor of k and n?
9
Let i(k) = 2*k**2 + 4*k + 6. Let l be i(-5). What is the greatest common factor of l and 18?
18
Let z = 5 - 5. Let v(c) = -c**3 - c + 24. Let f be v(z). What is the highest common divisor of f and 3?
3
Let x(q) = q**3 - 6*q**2 - 5*q - 10. Let r be x(7). Suppose -5*o + 14 - r = 0. Let j = -7 - -13. Calculate the highest common factor of j and o.
2
Suppose 0 = -t + 2*g + 9, t + g + 3 = 6*g. Calculate the greatest common divisor of t and 17.
17
Suppose 3*p = -2*z + 29, 4*p - 46 = 2*p + 4*z. Let o(t) = t**2 + t + 4. Let v be o(0). Suppose v*c + 104 = 5*c. What is the highest common factor of c and p?
13
Let v be (19/2)/(1/6). What is the highest common factor of v and 38?
19
Suppose -u + 2*k + 94 = 3*u, 5*k - 5 = 0. Calculate the greatest common factor of u and 168.
24
Let r be (-2)/(-3) - 124/(-3). What is the highest common factor of r and 105?
21
Let v = 12 + -8. Suppose i + 0*i = 32. What is the highest common divisor of i and v?
4
Let z(o) = 2*o**3 + o**2 - o + 6. Let i be z(0). What is the greatest common factor of 2 and i?
2
Suppose 202 + 0 = 2*b - 2*v, -4*b - v = -424. Calculate the highest common divisor of 15 and b.
15
Let s(w) = -9*w - 18. Let n be s(-8). What is the greatest common divisor of 81 and n?
27
Let d = -5 - -16. What is the highest common divisor of 11 and d?
11
Let t(b) = 3*b - 6. Let a be t(5). Suppose -3*l + 51 = 4*y, -l + a + 8 = -2*y. What is the greatest common divisor of 34 and l?
17
Suppose 3*u = -3*k + 30, -3*u - 15 = -k - 5*u. Suppose k*t - 3*t - 260 = 0. Calculate the highest common divisor of t and 26.
26
Suppose -z - 5 = -2*z. Suppose z*x = -2*o + 39, -5*o + 7 + 56 = x. What is the greatest common factor of o and 60?
12
Let d(o) = 2*o**2 + 1. Let m be d(-3). Suppose 0 = 2*h - 3*k - 12, m = 3*h + 2*k - 7*k. Let s = 30 + -6. Calculate the greatest common divisor of h and s.
3
Let n = 13 + -6. Suppose -x - d + n = -1, 5*x = 2*d + 5. Calculate the highest common factor of 24 and x.
3
Let i be (-490)/(-8) - (-140)/(-112). What is the greatest common factor of 90 and i?
30
Let p(k) = k**3 + 7*k**2 - 10*k - 14. Let y be p(-8). Calculate the greatest common divisor of 14 and y.
2
Let x = -35 - -24. Let v(s) = -s - 6. Let r be v(x). Suppose -r*m - 158 = -598. What is the greatest common divisor of m and 11?
11
Let n = 2 - 2. Suppose n = 2*a - 0*a - 50. Let h = -14 + a. What is the greatest common factor of 77 and h?
11
Let h be (-2)/2*-2 + 43. Calculate the highest common divisor of 5 and h.
5
Let n be 1/((-4 + 2)/(-38)). Suppose -5*r - 5*d = 5, 5*r = 2*d - d + n. Calculate the greatest common divisor of 33 and r.
3
Suppose -u + 72 = 3*u. Calculate the greatest common divisor of 9 and u.
9
Let x(g) = -g + 3. Let d be x(0). Suppose -s = d*s - 24. Let m = s + 4. What is the highest common divisor of m and 60?
10
Let q(x) = 4*x - 4 - 8*x + x + 2. Let w be q(-4). Calculate the highest common divisor of 10 and w.
10
Let k be -1 - ((-160)/4 + -1). Calculate the highest common divisor of 30 and k.
10
Let w = -50 - -71. Let u = w - -9. Suppose 0 = -3*q + 15 + 21. Calculate the greatest common divisor of u and q.
6
Let s(p) = 2*p**2 - 15*p + 6. Let a be s(10). Let k be 4/14 - 47/(-7). Calculate the greatest common divisor of a and k.
7
Suppose 8 = -2*g, -5*g = 2*b + 14 + 2. Calculate the greatest common factor of 5 and b.
1
Suppose 5*v - 5*o - 89 + 9 = 0, 0 = 4*v + o - 39. Let a(i) = -10*i**3 + i**2 - i - 1. Let s be a(-1). What is the greatest common factor of v and s?
11
Let c(m) = -m - 1. Let u(q) = -2*q. Let k(f) = -3*c(f) - u(f). Let b be k(5). What is the highest common factor of 14 and b?
14
Let t = 68 + -47. What is the highest common factor of t and 231?
21
Let r = 144 + 106. What is the greatest common divisor of r and 25?
25
Suppose -24 = -3*r + 4*w + w, 0 = -3*r - 3*w. Let c be (-4*r)/(-3 + 1). Calcul